{"id":6931,"date":"2025-01-23T12:49:11","date_gmt":"2025-01-23T16:49:11","guid":{"rendered":"http:\/\/misionjosegregoriohernandez.gob.ve\/?page_id=6931"},"modified":"2026-03-17T16:32:38","modified_gmt":"2026-03-17T20:32:38","slug":"solicitud-de-vacaciones","status":"publish","type":"page","link":"http:\/\/misionjosegregoriohernandez.gob.ve\/?page_id=6931","title":{"rendered":"Solicitud de Vacaciones"},"content":{"rendered":"\t\t<div data-elementor-type=\"wp-page\" data-elementor-id=\"6931\" class=\"elementor elementor-6931\" data-elementor-settings=\"[]\">\n\t\t\t\t\t\t\t<div class=\"elementor-section-wrap\">\n\t\t\t\t\t\t\t<section class=\"elementor-section elementor-top-section elementor-element elementor-element-2623fc8 elementor-section-boxed elementor-section-height-default elementor-section-height-default\" data-id=\"2623fc8\" data-element_type=\"section\">\n\t\t\t\t\t\t<div class=\"elementor-container elementor-column-gap-default\">\n\t\t\t\t\t<div class=\"elementor-column elementor-col-100 elementor-top-column elementor-element elementor-element-fd82293\" data-id=\"fd82293\" data-element_type=\"column\">\n\t\t\t<div class=\"elementor-widget-wrap\">\n\t\t\t\t\t\t\t\t\t<\/div>\n\t\t<\/div>\n\t\t\t\t\t\t\t<\/div>\n\t\t<\/section>\n\t\t\t\t<section class=\"elementor-section elementor-top-section elementor-element elementor-element-7cf6bec9 elementor-section-boxed elementor-section-height-default elementor-section-height-default\" data-id=\"7cf6bec9\" data-element_type=\"section\">\n\t\t\t\t\t\t<div class=\"elementor-container elementor-column-gap-default\">\n\t\t\t\t\t<div class=\"elementor-column elementor-col-100 elementor-top-column elementor-element elementor-element-614dfb14\" data-id=\"614dfb14\" data-element_type=\"column\">\n\t\t\t<div class=\"elementor-widget-wrap elementor-element-populated\">\n\t\t\t\t\t\t\t\t<div class=\"elementor-element elementor-element-ac13235 elementor-widget elementor-widget-image\" data-id=\"ac13235\" data-element_type=\"widget\" data-widget_type=\"image.default\">\n\t\t\t\t<div class=\"elementor-widget-container\">\n\t\t\t<style>\/*! elementor - v3.5.2 - 22-12-2021 *\/\n.elementor-widget-image{text-align:center}.elementor-widget-image a{display:inline-block}.elementor-widget-image a img[src$=\".svg\"]{width:48px}.elementor-widget-image img{vertical-align:middle;display:inline-block}<\/style>\t\t\t\t\t\t\t\t\t\t\t\t<img loading=\"lazy\" decoding=\"async\" width=\"1024\" height=\"559\" src=\"http:\/\/misionjosegregoriohernandez.gob.ve\/wp-content\/uploads\/2026\/03\/Gemini_Generated_Image_cq6zapcq6zapcq6z-1024x559.png\" class=\"attachment-large size-large\" alt=\"\" srcset=\"http:\/\/misionjosegregoriohernandez.gob.ve\/wp-content\/uploads\/2026\/03\/Gemini_Generated_Image_cq6zapcq6zapcq6z-1024x559.png 1024w, http:\/\/misionjosegregoriohernandez.gob.ve\/wp-content\/uploads\/2026\/03\/Gemini_Generated_Image_cq6zapcq6zapcq6z-300x164.png 300w, http:\/\/misionjosegregoriohernandez.gob.ve\/wp-content\/uploads\/2026\/03\/Gemini_Generated_Image_cq6zapcq6zapcq6z-768x419.png 768w, http:\/\/misionjosegregoriohernandez.gob.ve\/wp-content\/uploads\/2026\/03\/Gemini_Generated_Image_cq6zapcq6zapcq6z.png 1408w\" sizes=\"(max-width: 1024px) 100vw, 1024px\" \/>\t\t\t\t\t\t\t\t\t\t\t\t\t\t\t<\/div>\n\t\t\t\t<\/div>\n\t\t\t\t<div class=\"elementor-element elementor-element-7c7c03 elementor-widget elementor-widget-text-editor\" data-id=\"7c7c03\" data-element_type=\"widget\" data-widget_type=\"text-editor.default\">\n\t\t\t\t<div class=\"elementor-widget-container\">\n\t\t\t<style>\/*! elementor - v3.5.2 - 22-12-2021 *\/\n.elementor-widget-text-editor.elementor-drop-cap-view-stacked .elementor-drop-cap{background-color:#818a91;color:#fff}.elementor-widget-text-editor.elementor-drop-cap-view-framed .elementor-drop-cap{color:#818a91;border:3px solid;background-color:transparent}.elementor-widget-text-editor:not(.elementor-drop-cap-view-default) .elementor-drop-cap{margin-top:8px}.elementor-widget-text-editor:not(.elementor-drop-cap-view-default) .elementor-drop-cap-letter{width:1em;height:1em}.elementor-widget-text-editor .elementor-drop-cap{float:left;text-align:center;line-height:1;font-size:50px}.elementor-widget-text-editor .elementor-drop-cap-letter{display:inline-block}<\/style>\t\t\t\t<p><!-- wp:heading {\"level\":3} --><\/p>\n<h3 class=\"wp-block-heading\"><strong>Procedimiento General para Solicitud de Vacaciones<\/strong><\/h3>\n<p><!-- \/wp:heading --><\/p>\n<p><!-- wp:list {\"ordered\":true,\"start\":1} --><\/p>\n<ol start=\"1\">\n<li style=\"list-style-type: none;\">\n<ol start=\"1\"><!-- wp:list-item --><\/ol>\n<\/li>\n<\/ol>\n<ol>\n<li style=\"list-style-type: none;\">\n<ul>\n<li><strong>Solicitud Formal<\/strong>:<!-- wp:list -->\n<ul>\n<li style=\"list-style-type: none;\">\n<ul><!-- wp:list-item --><\/ul>\n<\/li>\n<\/ul>\n<\/li>\n<\/ul>\n<\/li>\n<\/ol>\n<p style=\"padding-left: 80px; text-align: left;\">Completa la solicitud de vacaciones y presentala a tu Gerente o Coordinador inmediato.<\/p>\n<h2 class=\"wp-block-heading\" style=\"text-align: center;\"><span style=\"color: #000000;\"><a style=\"color: #000000;\" href=\"http:\/\/misionjosegregoriohernandez.gob.ve\/wp-content\/uploads\/2026\/03\/Formato-de-Vacaciones-2026.pdf\">Formato-de-Vacaciones-2026<\/a><\/span><\/h2>\n<p><!-- \/wp:list-item --><\/p>\n<p><!-- wp:list-item --><\/p>\n<ol>\n<li style=\"list-style-type: none;\">\n<ul>\n<li><strong>Aprobaci\u00f3n del Gerente <\/strong>:<!-- wp:list -->\n<ul>\n<li style=\"list-style-type: none;\">\n<ul><!-- wp:list-item --><\/ul>\n<\/li>\n<\/ul>\n<p><!-- \/wp:list-item --><\/p>\n<p><!-- \/wp:list --><\/p>\n<p>Entrega la solicitud a tu Gerente para su revisi\u00f3n y aprobaci\u00f3n. El Gerente verificar\u00e1 que las fechas solicitadas no afecten el funcionamiento del \u00e1rea y que cuentes con los d\u00edas de vacaciones acumulados.<\/p>\n<\/li>\n<\/ul>\n<\/li>\n<\/ol>\n<ul>\n<li style=\"list-style-type: none;\">\n<ul>\n<li><strong>Revisi\u00f3n por Recursos Humanos<\/strong>:<!-- wp:list -->\n<ul>\n<li style=\"list-style-type: none;\">\n<ul><!-- wp:list-item --><\/ul>\n<\/li>\n<\/ul>\n<p><!-- \/wp:list-item --><\/p>\n<p><!-- \/wp:list --><\/p>\n<p>Una vez recibida la solicitud de vacaciones el departamento de Recursos Humanos procede a verificar el periodo vacacional, d\u00edas de disfrute. (Importante resaltar que dicha solicitud sea remitida con 15 d\u00edas de anticipaci\u00f3n).<\/p>\n<\/li>\n<\/ul>\n<\/li>\n<\/ul>\n<ul>\n<li style=\"list-style-type: none;\">\n<ul>\n<li><strong>Confirmaci\u00f3n<\/strong>:<!-- wp:list -->\n<ul>\n<li style=\"list-style-type: none;\">\n<ul><!-- wp:list-item --><\/ul>\n<\/li>\n<\/ul>\n<p><!-- \/wp:list-item --><\/p>\n<p><!-- \/wp:list --><\/p>\n<p>Recibir\u00e1s una confirmaci\u00f3n por escrito o por correo electr\u00f3nico indicando que tu solicitud de vacaciones ha sido aprobada por la Oficina de Gesti\u00f3n Humana<\/p>\n<\/li>\n<\/ul>\n<\/li>\n<\/ul>\n<ul>\n<li style=\"list-style-type: none;\">\n<ul>\n<li><strong>Recomendaci\u00f3n para las Vacaciones<\/strong>:<!-- wp:list -->\n<ul>\n<li style=\"list-style-type: none;\">\n<ul><!-- wp:list-item --><\/ul>\n<\/li>\n<\/ul>\n<ul>\n<li style=\"list-style-type: none;\">\n<ul>\n<li>Aseg\u00farate de no dejar trabajos\u00a0 pendientes\u00a0 y entregar responsabilidades a un compa\u00f1ero designado (si es necesario) antes de iniciar tus vacaciones.<\/li>\n<\/ul>\n<\/li>\n<\/ul>\n<\/li>\n<\/ul>\n<\/li>\n<\/ul>\n<hr \/>\n<ul>\n<li style=\"list-style-type: none;\">\n<ul>\n<li><strong style=\"text-align: center;\">Notas Importantes<\/strong><span style=\"text-align: center;\">:<\/span><\/li>\n<\/ul>\n<\/li>\n<\/ul>\n<p><!-- \/wp:heading --><\/p>\n<p><!-- wp:list --><\/p>\n<ul>\n<li style=\"list-style-type: none;\">\n<ul><!-- wp:list-item --><\/ul>\n<\/li>\n<\/ul>\n<ul>\n<li style=\"list-style-type: none;\">\n<ul>\n<li style=\"list-style-type: none;\">\n<ul>\n<li>Aseg\u00farate de solicitar las vacaciones con suficiente antelaci\u00f3n.<\/li>\n<\/ul>\n<\/li>\n<\/ul>\n<\/li>\n<\/ul>\n<p><!-- \/wp:list-item --><\/p>\n<p><!-- wp:list-item --><\/p>\n<ul>\n<li style=\"list-style-type: none;\">\n<ul>\n<li style=\"list-style-type: none;\">\n<ul>\n<li>Verifica si existen restricciones en fechas espec\u00edficas (por ejemplo, temporadas altas de trabajo).<\/li>\n<\/ul>\n<\/li>\n<\/ul>\n<\/li>\n<\/ul>\n<p><!-- \/wp:list-item --><\/p>\n<p><!-- wp:list-item --><\/p>\n<ul>\n<li style=\"list-style-type: none;\">\n<ul>\n<li style=\"list-style-type: none;\">\n<ul>\n<li>Si la fundaci\u00f3n utiliza un sistema digital para gestionar solicitudes, sigue el proceso indicado en la plataforma.<\/li>\n<\/ul>\n<\/li>\n<\/ul>\n<\/li>\n<\/ul>\n<p><!-- \/wp:list-item --><\/p>\n<p><!-- \/wp:list --><\/p>\n<p><!-- wp:paragraph --><\/p>\n<p>Para obtener informaci\u00f3n exacta, te sugiero contactar directamente al departamento de Gesti\u00f3n Humana de la fundaci\u00f3n.ant<\/p>\n<p><!-- \/wp:paragraph --><\/p>\t\t\t\t\t\t<\/div>\n\t\t\t\t<\/div>\n\t\t\t\t\t<\/div>\n\t\t<\/div>\n\t\t\t\t\t\t\t<\/div>\n\t\t<\/section>\n\t\t\t\t\t\t<\/div>\n\t\t\t\t\t<\/div>\n\t\t<div class=\"gsp_post_data\" data-post_type=\"page\" data-cat=\"\" data-modified=\"120\" data-title=\"Solicitud de Vacaciones\" data-home=\"http:\/\/misionjosegregoriohernandez.gob.ve\"><\/div>","protected":false},"excerpt":{"rendered":"<p>Procedimiento General para Solicitud de Vacaciones Recibir\u00e1s una confirmaci\u00f3n por escrito o por correo electr\u00f3nico indicando que tu solicitud de vacaciones ha sido aprobada por la Oficina de Gesti\u00f3n Humana Recomendaci\u00f3n para las Vacaciones: Solicitud Formal: Solicitud Formal: Completa la solicitud de vacaciones y presentala&#46;&#46;&#46;<\/p>\n","protected":false},"author":1,"featured_media":0,"parent":0,"menu_order":0,"comment_status":"closed","ping_status":"closed","template":"","meta":{"footnotes":""},"_links":{"self":[{"href":"http:\/\/misionjosegregoriohernandez.gob.ve\/index.php?rest_route=\/wp\/v2\/pages\/6931"}],"collection":[{"href":"http:\/\/misionjosegregoriohernandez.gob.ve\/index.php?rest_route=\/wp\/v2\/pages"}],"about":[{"href":"http:\/\/misionjosegregoriohernandez.gob.ve\/index.php?rest_route=\/wp\/v2\/types\/page"}],"author":[{"embeddable":true,"href":"http:\/\/misionjosegregoriohernandez.gob.ve\/index.php?rest_route=\/wp\/v2\/users\/1"}],"replies":[{"embeddable":true,"href":"http:\/\/misionjosegregoriohernandez.gob.ve\/index.php?rest_route=%2Fwp%2Fv2%2Fcomments&post=6931"}],"version-history":[{"count":93,"href":"http:\/\/misionjosegregoriohernandez.gob.ve\/index.php?rest_route=\/wp\/v2\/pages\/6931\/revisions"}],"predecessor-version":[{"id":16765,"href":"http:\/\/misionjosegregoriohernandez.gob.ve\/index.php?rest_route=\/wp\/v2\/pages\/6931\/revisions\/16765"}],"wp:attachment":[{"href":"http:\/\/misionjosegregoriohernandez.gob.ve\/index.php?rest_route=%2Fwp%2Fv2%2Fmedia&parent=6931"}],"curies":[{"name":"wp","href":"https:\/\/api.w.org\/{rel}","templated":true}]}}

<div data-elementor-type="wp-page" data-elementor-id="6931" class="elementor elementor-6931" data-elementor-settings="[]">
							<div class="elementor-section-wrap">
							<section class="elementor-section elementor-top-section elementor-element elementor-element-2623fc8 elementor-section-boxed elementor-section-height-default elementor-section-height-default" data-id="2623fc8" data-element_type="section">
						<div class="elementor-container elementor-column-gap-default">
					<div class="elementor-column elementor-col-100 elementor-top-column elementor-element elementor-element-fd82293" data-id="fd82293" data-element_type="column">
			<div class="elementor-widget-wrap">
									</div>
		</div>
							</div>
		</section>
				<section class="elementor-section elementor-top-section elementor-element elementor-element-7cf6bec9 elementor-section-boxed elementor-section-height-default elementor-section-height-default" data-id="7cf6bec9" data-element_type="section">
						<div class="elementor-container elementor-column-gap-default">
					<div class="elementor-column elementor-col-100 elementor-top-column elementor-element elementor-element-614dfb14" data-id="614dfb14" data-element_type="column">
			<div class="elementor-widget-wrap elementor-element-populated">
								<div class="elementor-element elementor-element-ac13235 elementor-widget elementor-widget-image" data-id="ac13235" data-element_type="widget" data-widget_type="image.default">
				<div class="elementor-widget-container">
			<style>/*! elementor - v3.5.2 - 22-12-2021 */
.elementor-widget-image{text-align:center}.elementor-widget-image a{display:inline-block}.elementor-widget-image a img[src$=".svg"]{width:48px}.elementor-widget-image img{vertical-align:middle;display:inline-block}</style>												<img loading="lazy" decoding="async" width="1024" height="559" src="http://misionjosegregoriohernandez.gob.ve/wp-content/uploads/2026/03/Gemini_Generated_Image_cq6zapcq6zapcq6z-1024x559.png" class="attachment-large size-large" alt="" srcset="http://misionjosegregoriohernandez.gob.ve/wp-content/uploads/2026/03/Gemini_Generated_Image_cq6zapcq6zapcq6z-1024x559.png 1024w, http://misionjosegregoriohernandez.gob.ve/wp-content/uploads/2026/03/Gemini_Generated_Image_cq6zapcq6zapcq6z-300x164.png 300w, http://misionjosegregoriohernandez.gob.ve/wp-content/uploads/2026/03/Gemini_Generated_Image_cq6zapcq6zapcq6z-768x419.png 768w, http://misionjosegregoriohernandez.gob.ve/wp-content/uploads/2026/03/Gemini_Generated_Image_cq6zapcq6zapcq6z.png 1408w" sizes="(max-width: 1024px) 100vw, 1024px" />															</div>
				</div>
				<div class="elementor-element elementor-element-7c7c03 elementor-widget elementor-widget-text-editor" data-id="7c7c03" data-element_type="widget" data-widget_type="text-editor.default">
				<div class="elementor-widget-container">
			<style>/*! elementor - v3.5.2 - 22-12-2021 */
.elementor-widget-text-editor.elementor-drop-cap-view-stacked .elementor-drop-cap{background-color:#818a91;color:#fff}.elementor-widget-text-editor.elementor-drop-cap-view-framed .elementor-drop-cap{color:#818a91;border:3px solid;background-color:transparent}.elementor-widget-text-editor:not(.elementor-drop-cap-view-default) .elementor-drop-cap{margin-top:8px}.elementor-widget-text-editor:not(.elementor-drop-cap-view-default) .elementor-drop-cap-letter{width:1em;height:1em}.elementor-widget-text-editor .elementor-drop-cap{float:left;text-align:center;line-height:1;font-size:50px}.elementor-widget-text-editor .elementor-drop-cap-letter{display:inline-block}</style>				<p><!-- wp:heading {"level":3} --></p>
<h3 class="wp-block-heading"><strong>Procedimiento General para Solicitud de Vacaciones</strong></h3>
<p><!-- /wp:heading --></p>
<p><!-- wp:list {"ordered":true,"start":1} --></p>
<ol start="1">
<li style="list-style-type: none;">
<ol start="1"><!-- wp:list-item --></ol>
</li>
</ol>
<ol>
<li style="list-style-type: none;">
<ul>
<li><strong>Solicitud Formal</strong>:<!-- wp:list -->
<ul>
<li style="list-style-type: none;">
<ul><!-- wp:list-item --></ul>
</li>
</ul>
</li>
</ul>
</li>
</ol>
<p style="padding-left: 80px; text-align: left;">Completa la solicitud de vacaciones y presentala a tu Gerente o Coordinador inmediato.</p>
<h2 class="wp-block-heading" style="text-align: center;"><span style="color: #000000;"><a style="color: #000000;" href="http://misionjosegregoriohernandez.gob.ve/wp-content/uploads/2026/03/Formato-de-Vacaciones-2026.pdf">Formato-de-Vacaciones-2026</a></span></h2>
<p><!-- /wp:list-item --></p>
<p><!-- wp:list-item --></p>
<ol>
<li style="list-style-type: none;">
<ul>
<li><strong>Aprobación del Gerente </strong>:<!-- wp:list -->
<ul>
<li style="list-style-type: none;">
<ul><!-- wp:list-item --></ul>
</li>
</ul>
<p><!-- /wp:list-item --></p>
<p><!-- /wp:list --></p>
<p>Entrega la solicitud a tu Gerente para su revisión y aprobación. El Gerente verificará que las fechas solicitadas no afecten el funcionamiento del área y que cuentes con los días de vacaciones acumulados.</p>
</li>
</ul>
</li>
</ol>
<ul>
<li style="list-style-type: none;">
<ul>
<li><strong>Revisión por Recursos Humanos</strong>:<!-- wp:list -->
<ul>
<li style="list-style-type: none;">
<ul><!-- wp:list-item --></ul>
</li>
</ul>
<p><!-- /wp:list-item --></p>
<p><!-- /wp:list --></p>
<p>Una vez recibida la solicitud de vacaciones el departamento de Recursos Humanos procede a verificar el periodo vacacional, días de disfrute. (Importante resaltar que dicha solicitud sea remitida con 15 días de anticipación).</p>
</li>
</ul>
</li>
</ul>
<ul>
<li style="list-style-type: none;">
<ul>
<li><strong>Confirmación</strong>:<!-- wp:list -->
<ul>
<li style="list-style-type: none;">
<ul><!-- wp:list-item --></ul>
</li>
</ul>
<p><!-- /wp:list-item --></p>
<p><!-- /wp:list --></p>
<p>Recibirás una confirmación por escrito o por correo electrónico indicando que tu solicitud de vacaciones ha sido aprobada por la Oficina de Gestión Humana</p>
</li>
</ul>
</li>
</ul>
<ul>
<li style="list-style-type: none;">
<ul>
<li><strong>Recomendación para las Vacaciones</strong>:<!-- wp:list -->
<ul>
<li style="list-style-type: none;">
<ul><!-- wp:list-item --></ul>
</li>
</ul>
<ul>
<li style="list-style-type: none;">
<ul>
<li>Asegúrate de no dejar trabajos  pendientes  y entregar responsabilidades a un compañero designado (si es necesario) antes de iniciar tus vacaciones.</li>
</ul>
</li>
</ul>
</li>
</ul>
</li>
</ul>
<hr />
<ul>
<li style="list-style-type: none;">
<ul>
<li><strong style="text-align: center;">Notas Importantes</strong><span style="text-align: center;">:</span></li>
</ul>
</li>
</ul>
<p><!-- /wp:heading --></p>
<p><!-- wp:list --></p>
<ul>
<li style="list-style-type: none;">
<ul><!-- wp:list-item --></ul>
</li>
</ul>
<ul>
<li style="list-style-type: none;">
<ul>
<li style="list-style-type: none;">
<ul>
<li>Asegúrate de solicitar las vacaciones con suficiente antelación.</li>
</ul>
</li>
</ul>
</li>
</ul>
<p><!-- /wp:list-item --></p>
<p><!-- wp:list-item --></p>
<ul>
<li style="list-style-type: none;">
<ul>
<li style="list-style-type: none;">
<ul>
<li>Verifica si existen restricciones en fechas específicas (por ejemplo, temporadas altas de trabajo).</li>
</ul>
</li>
</ul>
</li>
</ul>
<p><!-- /wp:list-item --></p>
<p><!-- wp:list-item --></p>
<ul>
<li style="list-style-type: none;">
<ul>
<li style="list-style-type: none;">
<ul>
<li>Si la fundación utiliza un sistema digital para gestionar solicitudes, sigue el proceso indicado en la plataforma.</li>
</ul>
</li>
</ul>
</li>
</ul>
<p><!-- /wp:list-item --></p>
<p><!-- /wp:list --></p>
<p><!-- wp:paragraph --></p>
<p>Para obtener información exacta, te sugiero contactar directamente al departamento de Gestión Humana de la fundación.ant</p>
<p><!-- /wp:paragraph --></p>						</div>
				</div>
					</div>
		</div>
							</div>
		</section>
						</div>
					</div>
		<div class="gsp_post_data" data-post_type="page" data-cat="" data-modified="120" data-title="Solicitud de Vacaciones" data-home="http://misionjosegregoriohernandez.gob.ve"></div>

<p>Procedimiento General para Solicitud de Vacaciones Recibirás una confirmación por escrito o por correo electrónico indicando que tu solicitud de vacaciones ha sido aprobada por la Oficina de Gestión Humana Recomendación para las Vacaciones: Solicitud Formal: Solicitud Formal: Completa la solicitud de vacaciones y presentala&#46;&#46;&#46;</p>
