{"id":6598,"date":"2025-01-08T14:27:34","date_gmt":"2025-01-08T18:27:34","guid":{"rendered":"http:\/\/misionjosegregoriohernandez.gob.ve\/?page_id=6598"},"modified":"2026-03-15T10:21:04","modified_gmt":"2026-03-15T14:21:04","slug":"nuestros-servicios-servicios-fisistria-y-rehabilitacion","status":"publish","type":"page","link":"http:\/\/misionjosegregoriohernandez.gob.ve\/?page_id=6598","title":{"rendered":"Nuestros Servicios Servicios Fisistria y Rehabilitaci\u00f3n"},"content":{"rendered":"\t\t<div data-elementor-type=\"wp-page\" data-elementor-id=\"6598\" class=\"elementor elementor-6598\" data-elementor-settings=\"[]\">\n\t\t\t\t\t\t\t<div class=\"elementor-section-wrap\">\n\t\t\t\t\t\t\t<section class=\"elementor-section elementor-top-section elementor-element elementor-element-f8b281a elementor-section-boxed elementor-section-height-default elementor-section-height-default\" data-id=\"f8b281a\" data-element_type=\"section\">\n\t\t\t\t\t\t<div class=\"elementor-container elementor-column-gap-default\">\n\t\t\t\t\t<div class=\"elementor-column elementor-col-100 elementor-top-column elementor-element elementor-element-e76cac6\" data-id=\"e76cac6\" data-element_type=\"column\">\n\t\t\t<div class=\"elementor-widget-wrap elementor-element-populated\">\n\t\t\t\t\t\t\t\t<div class=\"elementor-element elementor-element-dc40968 elementor-widget elementor-widget-text-editor\" data-id=\"dc40968\" data-element_type=\"widget\" data-widget_type=\"text-editor.default\">\n\t\t\t\t<div class=\"elementor-widget-container\">\n\t\t\t<style>\/*! elementor - v3.5.2 - 22-12-2021 *\/\n.elementor-widget-text-editor.elementor-drop-cap-view-stacked .elementor-drop-cap{background-color:#818a91;color:#fff}.elementor-widget-text-editor.elementor-drop-cap-view-framed .elementor-drop-cap{color:#818a91;border:3px solid;background-color:transparent}.elementor-widget-text-editor:not(.elementor-drop-cap-view-default) .elementor-drop-cap{margin-top:8px}.elementor-widget-text-editor:not(.elementor-drop-cap-view-default) .elementor-drop-cap-letter{width:1em;height:1em}.elementor-widget-text-editor .elementor-drop-cap{float:left;text-align:center;line-height:1;font-size:50px}.elementor-widget-text-editor .elementor-drop-cap-letter{display:inline-block}<\/style>\t\t\t\t<h3 style=\"text-align: center;\"><strong><span style=\"color: #ffffff;\">Medicina F\u00edsica y Rehabilitaci\u00f3n al servicio del pueblo Venezolano.<\/span><\/strong><\/h3><p style=\"text-align: center;\"><strong><span style=\"color: #ffffff;\">Recuperando tu Autonom\u00eda, Transformando tu Vida<\/span><\/strong><\/p><p style=\"text-align: center;\" data-path-to-node=\"11\">\u00a0<\/p>\t\t\t\t\t\t<\/div>\n\t\t\t\t<\/div>\n\t\t\t\t\t<\/div>\n\t\t<\/div>\n\t\t\t\t\t\t\t<\/div>\n\t\t<\/section>\n\t\t\t\t<section class=\"elementor-section elementor-top-section elementor-element elementor-element-c9fd3ca elementor-section-boxed elementor-section-height-default elementor-section-height-default\" data-id=\"c9fd3ca\" data-element_type=\"section\">\n\t\t\t\t\t\t<div class=\"elementor-container elementor-column-gap-default\">\n\t\t\t\t\t<div class=\"elementor-column elementor-col-100 elementor-top-column elementor-element elementor-element-99bb2aa\" data-id=\"99bb2aa\" data-element_type=\"column\">\n\t\t\t<div class=\"elementor-widget-wrap elementor-element-populated\">\n\t\t\t\t\t\t\t\t<div class=\"elementor-element elementor-element-e4ce1ac elementor-widget elementor-widget-text-editor\" data-id=\"e4ce1ac\" data-element_type=\"widget\" data-widget_type=\"text-editor.default\">\n\t\t\t\t<div class=\"elementor-widget-container\">\n\t\t\t\t\t\t\t\t\t\t\t\t\t<\/div>\n\t\t\t\t<\/div>\n\t\t\t\t\t<\/div>\n\t\t<\/div>\n\t\t\t\t\t\t\t<\/div>\n\t\t<\/section>\n\t\t\t\t<section class=\"elementor-section elementor-top-section elementor-element elementor-element-e11e71b elementor-section-boxed elementor-section-height-default elementor-section-height-default\" data-id=\"e11e71b\" data-element_type=\"section\">\n\t\t\t\t\t\t<div class=\"elementor-container elementor-column-gap-default\">\n\t\t\t\t\t<div class=\"elementor-column elementor-col-100 elementor-top-column elementor-element elementor-element-7323954\" data-id=\"7323954\" data-element_type=\"column\">\n\t\t\t<div class=\"elementor-widget-wrap elementor-element-populated\">\n\t\t\t\t\t\t\t\t<div class=\"elementor-element elementor-element-6c50712 elementor-widget elementor-widget-text-editor\" data-id=\"6c50712\" data-element_type=\"widget\" data-widget_type=\"text-editor.default\">\n\t\t\t\t<div class=\"elementor-widget-container\">\n\t\t\t\t\t\t\t<h3 style=\"text-align: center;\" data-path-to-node=\"10\"><strong>Nuestro Pilar: La Inclusi\u00f3n Social<\/strong><\/h3><p style=\"text-align: center;\" data-path-to-node=\"11\"><strong>En el marco de la Fundaci\u00f3n Misi\u00f3n Jos\u00e9 Gregorio Hern\u00e1ndez, la Fisiatr\u00eda no es solo un servicio m\u00e9dico; es la herramienta fundamental para la inclusi\u00f3n social en Venezuela. Creemos que una limitaci\u00f3n f\u00edsica no debe ser una barrera para participar plenamente en la sociedad.<\/strong><\/p>\t\t\t\t\t\t<\/div>\n\t\t\t\t<\/div>\n\t\t\t\t\t<\/div>\n\t\t<\/div>\n\t\t\t\t\t\t\t<\/div>\n\t\t<\/section>\n\t\t\t\t<section class=\"elementor-section elementor-top-section elementor-element elementor-element-8fbf24d elementor-section-boxed elementor-section-height-default elementor-section-height-default\" data-id=\"8fbf24d\" data-element_type=\"section\">\n\t\t\t\t\t\t<div class=\"elementor-container elementor-column-gap-default\">\n\t\t\t\t\t<div class=\"elementor-column elementor-col-100 elementor-top-column elementor-element elementor-element-d474c33\" data-id=\"d474c33\" data-element_type=\"column\">\n\t\t\t<div class=\"elementor-widget-wrap elementor-element-populated\">\n\t\t\t\t\t\t\t\t<div class=\"elementor-element elementor-element-c3a2e49 elementor-widget elementor-widget-text-editor\" data-id=\"c3a2e49\" data-element_type=\"widget\" data-widget_type=\"text-editor.default\">\n\t\t\t\t<div class=\"elementor-widget-container\">\n\t\t\t\t\t\t\t\t\t\t\t\t\t<\/div>\n\t\t\t\t<\/div>\n\t\t\t\t\t<\/div>\n\t\t<\/div>\n\t\t\t\t\t\t\t<\/div>\n\t\t<\/section>\n\t\t\t\t<section class=\"elementor-section elementor-top-section elementor-element elementor-element-0366510 elementor-section-boxed elementor-section-height-default elementor-section-height-default\" data-id=\"0366510\" data-element_type=\"section\">\n\t\t\t\t\t\t<div class=\"elementor-container elementor-column-gap-default\">\n\t\t\t\t\t<div class=\"elementor-column elementor-col-100 elementor-top-column elementor-element elementor-element-1425d3a\" data-id=\"1425d3a\" data-element_type=\"column\">\n\t\t\t<div class=\"elementor-widget-wrap elementor-element-populated\">\n\t\t\t\t\t\t\t\t<div class=\"elementor-element elementor-element-ca20c1d elementor-widget elementor-widget-text-editor\" data-id=\"ca20c1d\" data-element_type=\"widget\" data-widget_type=\"text-editor.default\">\n\t\t\t\t<div class=\"elementor-widget-container\">\n\t\t\t\t\t\t\t<h2 style=\"text-align: center;\" data-path-to-node=\"3\"><strong><span style=\"color: #ffffff;\">\ud83e\ude7a Especialidades y Servicios.<\/span><\/strong><\/h2><p style=\"text-align: center;\" data-path-to-node=\"14\"><strong><span style=\"color: #ffffff;\">Ofrecemos un enfoque multidisciplinario donde la tecnolog\u00eda y la calidez humana se encuentran para tu bienestar.<\/span><\/strong><\/p>\t\t\t\t\t\t<\/div>\n\t\t\t\t<\/div>\n\t\t\t\t\t<\/div>\n\t\t<\/div>\n\t\t\t\t\t\t\t<\/div>\n\t\t<\/section>\n\t\t\t\t<section class=\"elementor-section elementor-top-section elementor-element elementor-element-e20ba90 elementor-section-boxed elementor-section-height-default elementor-section-height-default\" data-id=\"e20ba90\" data-element_type=\"section\">\n\t\t\t\t\t\t<div class=\"elementor-container elementor-column-gap-default\">\n\t\t\t\t\t<div class=\"elementor-column elementor-col-100 elementor-top-column elementor-element elementor-element-0d4fe68\" data-id=\"0d4fe68\" data-element_type=\"column\">\n\t\t\t<div class=\"elementor-widget-wrap elementor-element-populated\">\n\t\t\t\t\t\t\t\t<div class=\"elementor-element elementor-element-b4ac65a elementor-widget elementor-widget-text-editor\" data-id=\"b4ac65a\" data-element_type=\"widget\" data-widget_type=\"text-editor.default\">\n\t\t\t\t<div class=\"elementor-widget-container\">\n\t\t\t\t\t\t\t<p data-path-to-node=\"14\">\u00a0<\/p><table data-path-to-node=\"15\"><thead><tr><td><strong>Servicio<\/strong><\/td><td><strong>Descripci\u00f3n<\/strong><\/td><\/tr><\/thead><tbody><tr><td><span data-path-to-node=\"15,1,0,0\"><b data-path-to-node=\"15,1,0,0\" data-index-in-node=\"0\">Consulta Especializada<\/b><\/span><\/td><td><span data-path-to-node=\"15,1,1,0\">Evaluaci\u00f3n directa por m\u00e9dicos fisiatras certificados.<\/span><\/td><\/tr><tr><td><span data-path-to-node=\"15,2,0,0\"><b data-path-to-node=\"15,2,0,0\" data-index-in-node=\"0\">Diagn\u00f3stico de Discapacidad<\/b><\/span><\/td><td><span data-path-to-node=\"15,2,1,0\">Evaluaci\u00f3n integral para determinar el grado de limitaci\u00f3n funcional y necesidades espec\u00edficas.<\/span><\/td><\/tr><tr><td><span data-path-to-node=\"15,3,0,0\"><b data-path-to-node=\"15,3,0,0\" data-index-in-node=\"0\">Terapias Tecnol\u00f3gicas<\/b><\/span><\/td><td><span data-path-to-node=\"15,3,1,0\">Uso de equipos de \u00faltima generaci\u00f3n para la recuperaci\u00f3n f\u00edsica.<\/span><\/td><\/tr><tr><td><span data-path-to-node=\"15,4,0,0\"><b data-path-to-node=\"15,4,0,0\" data-index-in-node=\"0\">Enfoque Social<\/b><\/span><\/td><td><span data-path-to-node=\"15,4,1,0\">Acompa\u00f1amiento para garantizar que el paciente se reintegre a su comunidad.<\/span><\/td><\/tr><\/tbody><\/table>\t\t\t\t\t\t<\/div>\n\t\t\t\t<\/div>\n\t\t\t\t\t<\/div>\n\t\t<\/div>\n\t\t\t\t\t\t\t<\/div>\n\t\t<\/section>\n\t\t\t\t<section class=\"elementor-section elementor-top-section elementor-element elementor-element-7552af5 elementor-section-boxed elementor-section-height-default elementor-section-height-default\" data-id=\"7552af5\" data-element_type=\"section\">\n\t\t\t\t\t\t<div class=\"elementor-container elementor-column-gap-default\">\n\t\t\t\t\t<div class=\"elementor-column elementor-col-100 elementor-top-column elementor-element elementor-element-cbefbad\" data-id=\"cbefbad\" data-element_type=\"column\">\n\t\t\t<div class=\"elementor-widget-wrap elementor-element-populated\">\n\t\t\t\t\t\t\t\t<div class=\"elementor-element elementor-element-b962f7a elementor-widget elementor-widget-text-editor\" data-id=\"b962f7a\" data-element_type=\"widget\" data-widget_type=\"text-editor.default\">\n\t\t\t\t<div class=\"elementor-widget-container\">\n\t\t\t\t\t\t\t\t\t\t\t\t\t<\/div>\n\t\t\t\t<\/div>\n\t\t\t\t\t<\/div>\n\t\t<\/div>\n\t\t\t\t\t\t\t<\/div>\n\t\t<\/section>\n\t\t\t\t<section class=\"elementor-section elementor-top-section elementor-element elementor-element-0b91853 elementor-section-boxed elementor-section-height-default elementor-section-height-default\" data-id=\"0b91853\" data-element_type=\"section\">\n\t\t\t\t\t\t<div class=\"elementor-container elementor-column-gap-default\">\n\t\t\t\t\t<div class=\"elementor-column elementor-col-100 elementor-top-column elementor-element elementor-element-6e858ce\" data-id=\"6e858ce\" data-element_type=\"column\">\n\t\t\t<div class=\"elementor-widget-wrap elementor-element-populated\">\n\t\t\t\t\t\t\t\t<div class=\"elementor-element elementor-element-f7cef72 elementor-widget elementor-widget-image\" data-id=\"f7cef72\" data-element_type=\"widget\" data-widget_type=\"image.default\">\n\t\t\t\t<div class=\"elementor-widget-container\">\n\t\t\t<style>\/*! elementor - v3.5.2 - 22-12-2021 *\/\n.elementor-widget-image{text-align:center}.elementor-widget-image a{display:inline-block}.elementor-widget-image a img[src$=\".svg\"]{width:48px}.elementor-widget-image img{vertical-align:middle;display:inline-block}<\/style>\t\t\t\t\t\t\t\t\t\t\t\t<img loading=\"lazy\" decoding=\"async\" width=\"1024\" height=\"559\" src=\"http:\/\/misionjosegregoriohernandez.gob.ve\/wp-content\/uploads\/2026\/03\/Gemini_Generated_Image_3lfbab3lfbab3lfb-1024x559.png\" class=\"attachment-large size-large\" alt=\"\" srcset=\"http:\/\/misionjosegregoriohernandez.gob.ve\/wp-content\/uploads\/2026\/03\/Gemini_Generated_Image_3lfbab3lfbab3lfb-1024x559.png 1024w, http:\/\/misionjosegregoriohernandez.gob.ve\/wp-content\/uploads\/2026\/03\/Gemini_Generated_Image_3lfbab3lfbab3lfb-300x164.png 300w, http:\/\/misionjosegregoriohernandez.gob.ve\/wp-content\/uploads\/2026\/03\/Gemini_Generated_Image_3lfbab3lfbab3lfb-768x419.png 768w, http:\/\/misionjosegregoriohernandez.gob.ve\/wp-content\/uploads\/2026\/03\/Gemini_Generated_Image_3lfbab3lfbab3lfb.png 1408w\" sizes=\"(max-width: 1024px) 100vw, 1024px\" \/>\t\t\t\t\t\t\t\t\t\t\t\t\t\t\t<\/div>\n\t\t\t\t<\/div>\n\t\t\t\t\t<\/div>\n\t\t<\/div>\n\t\t\t\t\t\t\t<\/div>\n\t\t<\/section>\n\t\t\t\t<section class=\"elementor-section elementor-top-section elementor-element elementor-element-aec2e0f elementor-section-boxed elementor-section-height-default elementor-section-height-default\" data-id=\"aec2e0f\" data-element_type=\"section\">\n\t\t\t\t\t\t<div class=\"elementor-container elementor-column-gap-default\">\n\t\t\t\t\t<div class=\"elementor-column elementor-col-100 elementor-top-column elementor-element elementor-element-40708e7\" data-id=\"40708e7\" data-element_type=\"column\">\n\t\t\t<div class=\"elementor-widget-wrap elementor-element-populated\">\n\t\t\t\t\t\t\t\t<div class=\"elementor-element elementor-element-f380d0d elementor-widget elementor-widget-text-editor\" data-id=\"f380d0d\" data-element_type=\"widget\" data-widget_type=\"text-editor.default\">\n\t\t\t\t<div class=\"elementor-widget-container\">\n\t\t\t\t\t\t\t<h3><strong> Proceso para Solicitar Cita\u00a0<\/strong><\/h3><p>Para acceder a nuestros servicios de Fisiatria y rehabilitaci\u00f3n, debe consignar los siguientes documentos:<\/p><ul><li><b data-path-to-node=\"9,0,0\" data-index-in-node=\"0\">C\u00e9dula de Identidad<\/b> ( copia).<\/li><li><b data-path-to-node=\"9,1,0\" data-index-in-node=\"0\">Informe M\u00e9dico actualizado<\/b> (Emitido por un m\u00e9dico especialista).<\/li><\/ul>\t\t\t\t\t\t<\/div>\n\t\t\t\t<\/div>\n\t\t\t\t\t<\/div>\n\t\t<\/div>\n\t\t\t\t\t\t\t<\/div>\n\t\t<\/section>\n\t\t\t\t<section class=\"elementor-section elementor-top-section elementor-element elementor-element-bdead1e elementor-section-boxed elementor-section-height-default elementor-section-height-default\" data-id=\"bdead1e\" data-element_type=\"section\">\n\t\t\t\t\t\t<div class=\"elementor-container elementor-column-gap-default\">\n\t\t\t\t\t<div class=\"elementor-column elementor-col-50 elementor-top-column elementor-element elementor-element-62e69bc\" data-id=\"62e69bc\" data-element_type=\"column\">\n\t\t\t<div class=\"elementor-widget-wrap elementor-element-populated\">\n\t\t\t\t\t\t\t\t<div class=\"elementor-element elementor-element-b8aca4c elementor-widget elementor-widget-text-editor\" data-id=\"b8aca4c\" data-element_type=\"widget\" data-widget_type=\"text-editor.default\">\n\t\t\t\t<div class=\"elementor-widget-container\">\n\t\t\t\t\t\t\t<h3 style=\"text-align: center;\"><img loading=\"lazy\" decoding=\"async\" class=\"size-medium wp-image-14456 alignleft\" src=\"http:\/\/misionjosegregoriohernandez.gob.ve\/wp-content\/uploads\/2026\/02\/EdfMPPcomunas-300x225.jpg\" alt=\"\" width=\"300\" height=\"225\" srcset=\"http:\/\/misionjosegregoriohernandez.gob.ve\/wp-content\/uploads\/2026\/02\/EdfMPPcomunas-300x225.jpg 300w, http:\/\/misionjosegregoriohernandez.gob.ve\/wp-content\/uploads\/2026\/02\/EdfMPPcomunas.jpg 408w\" sizes=\"(max-width: 300px) 100vw, 300px\" \/>\ud83d\udccd<strong> Ubicaci\u00f3n y Horarios<\/strong><\/h3><p style=\"text-align: left;\" data-path-to-node=\"13\"><b data-path-to-node=\"13\" data-index-in-node=\"0\">Sala de Rehabilitaci\u00f3n y Fisioterapia \u201cDr. Jos\u00e9 Gregorio Hern\u00e1ndez\u201d<\/b><\/p><ul data-path-to-node=\"14\"><li><p data-path-to-node=\"14,0,0\"><b data-path-to-node=\"14,0,0\" data-index-in-node=\"0\">Direcci\u00f3n:<\/b> Av. Universidad, Edificio Sede del Ministerio del Poder Popular para las Comunas, <b data-path-to-node=\"14,0,0\" data-index-in-node=\"93\">Piso 2<\/b>. Caracas, Distrito Capital.<\/p><\/li><\/ul><p data-path-to-node=\"14,1,0\"><b data-path-to-node=\"14,1,0\" data-index-in-node=\"0\">Horario de Atenci\u00f3n (Previa Cita):<\/b><\/p><ul><li data-path-to-node=\"14,1,1,0,0\"><b data-path-to-node=\"14,1,1,0,0\" data-index-in-node=\"0\">Turno Ma\u00f1ana:<\/b> 8:30 am \u2013 12:00 pm.<\/li><li data-path-to-node=\"14,1,1,1,0\"><b data-path-to-node=\"14,1,1,1,0\" data-index-in-node=\"0\">Turno Tarde:<\/b> 1:00 pm \u2013 4:00 pm.<\/li><\/ul><p data-path-to-node=\"14,1,1,2,0\"><b data-path-to-node=\"14,1,1,2,0\" data-index-in-node=\"0\">D\u00edas:<\/b> Lunes a viernes.<\/p><hr data-path-to-node=\"10\" \/>\t\t\t\t\t\t<\/div>\n\t\t\t\t<\/div>\n\t\t\t\t\t<\/div>\n\t\t<\/div>\n\t\t\t\t<div class=\"elementor-column elementor-col-50 elementor-top-column elementor-element elementor-element-b9a6915\" data-id=\"b9a6915\" data-element_type=\"column\">\n\t\t\t<div class=\"elementor-widget-wrap elementor-element-populated\">\n\t\t\t\t\t\t\t\t<div class=\"elementor-element elementor-element-09451f2 elementor-widget elementor-widget-html\" data-id=\"09451f2\" data-element_type=\"widget\" data-widget_type=\"html.default\">\n\t\t\t\t<div class=\"elementor-widget-container\">\n\t\t\t<iframe src=\"https:\/\/www.google.com\/maps\/embed?pb=!1m18!1m12!1m3!1d550.4213827194909!2d-66.91331975114255!3d10.50405205726777!2m3!1f0!2f0!3f0!3m2!1i1024!2i768!4f13.1!3m3!1m2!1s0x8c2a5f2afcff6913%3A0x6aafd88f54716a7b!2sEsquina%20de%20Traposos!5e0!3m2!1ses!2sus!4v1771679413256!5m2!1ses!2sus\" width=\"600\" height=\"450\" style=\"border:0;\" allowfullscreen=\"\" loading=\"lazy\" referrerpolicy=\"no-referrer-when-downgrade\"><\/iframe>\t\t<\/div>\n\t\t\t\t<\/div>\n\t\t\t\t\t<\/div>\n\t\t<\/div>\n\t\t\t\t\t\t\t<\/div>\n\t\t<\/section>\n\t\t\t\t<section class=\"elementor-section elementor-top-section elementor-element elementor-element-f86953e elementor-section-boxed elementor-section-height-default elementor-section-height-default\" data-id=\"f86953e\" data-element_type=\"section\">\n\t\t\t\t\t\t<div class=\"elementor-container elementor-column-gap-default\">\n\t\t\t\t\t<div class=\"elementor-column elementor-col-100 elementor-top-column elementor-element elementor-element-207d6e6\" data-id=\"207d6e6\" data-element_type=\"column\">\n\t\t\t<div class=\"elementor-widget-wrap elementor-element-populated\">\n\t\t\t\t\t\t\t\t<div class=\"elementor-element elementor-element-ad16c54 elementor-widget elementor-widget-text-editor\" data-id=\"ad16c54\" data-element_type=\"widget\" data-widget_type=\"text-editor.default\">\n\t\t\t\t<div class=\"elementor-widget-container\">\n\t\t\t\t\t\t\t<h3 data-path-to-node=\"16\"><strong>\ud83d\udca1 Informaci\u00f3n Importante para el Paciente<\/strong><\/h3><ul data-path-to-node=\"17\"><li><p data-path-to-node=\"17,0,0\"><b data-path-to-node=\"17,0,0\" data-index-in-node=\"0\">Puntualidad:<\/b> Se recomienda llegar 15 minutos antes de su cita programada.<\/p><\/li><li><p data-path-to-node=\"17,1,0\"><b data-path-to-node=\"17,1,0\" data-index-in-node=\"0\">Vestimenta:<\/b> Para las sesiones de terapia f\u00edsica, asista con <b data-path-to-node=\"17,1,0\" data-index-in-node=\"60\">ropa c\u00f3moda o deportiva<\/b> que permita el libre movimiento y el acceso a la zona a tratar.<\/p><\/li><li><p data-path-to-node=\"17,2,0\"><b data-path-to-node=\"17,2,0\" data-index-in-node=\"0\">Acompa\u00f1ante:<\/b> Personas con movilidad reducida o menores de edad deben asistir con un acompa\u00f1ante.<\/p><\/li><\/ul><hr data-path-to-node=\"18\" \/><p data-path-to-node=\"19\">\u00a0<\/p>\t\t\t\t\t\t<\/div>\n\t\t\t\t<\/div>\n\t\t\t\t\t<\/div>\n\t\t<\/div>\n\t\t\t\t\t\t\t<\/div>\n\t\t<\/section>\n\t\t\t\t<section class=\"elementor-section elementor-top-section elementor-element elementor-element-ce6f397 elementor-section-boxed elementor-section-height-default elementor-section-height-default\" data-id=\"ce6f397\" data-element_type=\"section\">\n\t\t\t\t\t\t<div class=\"elementor-container elementor-column-gap-default\">\n\t\t\t\t\t<div class=\"elementor-column elementor-col-33 elementor-top-column elementor-element elementor-element-3f369d5\" data-id=\"3f369d5\" data-element_type=\"column\">\n\t\t\t<div class=\"elementor-widget-wrap elementor-element-populated\">\n\t\t\t\t\t\t\t\t<div class=\"elementor-element elementor-element-8bd0d54 elementor-widget elementor-widget-text-editor\" data-id=\"8bd0d54\" data-element_type=\"widget\" data-widget_type=\"text-editor.default\">\n\t\t\t\t<div class=\"elementor-widget-container\">\n\t\t\t\t\t\t\t\t\t\t\t\t\t<\/div>\n\t\t\t\t<\/div>\n\t\t\t\t\t<\/div>\n\t\t<\/div>\n\t\t\t\t<div class=\"elementor-column elementor-col-33 elementor-top-column elementor-element elementor-element-340e8eb\" data-id=\"340e8eb\" data-element_type=\"column\">\n\t\t\t<div class=\"elementor-widget-wrap elementor-element-populated\">\n\t\t\t\t\t\t\t\t<div class=\"elementor-element elementor-element-6c2b9e3 elementor-widget elementor-widget-text-editor\" data-id=\"6c2b9e3\" data-element_type=\"widget\" data-widget_type=\"text-editor.default\">\n\t\t\t\t<div class=\"elementor-widget-container\">\n\t\t\t\t\t\t\t\t\t\t\t\t\t<\/div>\n\t\t\t\t<\/div>\n\t\t\t\t\t<\/div>\n\t\t<\/div>\n\t\t\t\t<div class=\"elementor-column elementor-col-33 elementor-top-column elementor-element elementor-element-9e67839\" data-id=\"9e67839\" data-element_type=\"column\">\n\t\t\t<div class=\"elementor-widget-wrap elementor-element-populated\">\n\t\t\t\t\t\t\t\t<div class=\"elementor-element elementor-element-16007df elementor-widget elementor-widget-text-editor\" data-id=\"16007df\" data-element_type=\"widget\" data-widget_type=\"text-editor.default\">\n\t\t\t\t<div class=\"elementor-widget-container\">\n\t\t\t\t\t\t\t\t\t\t\t\t\t<\/div>\n\t\t\t\t<\/div>\n\t\t\t\t\t<\/div>\n\t\t<\/div>\n\t\t\t\t\t\t\t<\/div>\n\t\t<\/section>\n\t\t\t\t\t\t<\/div>\n\t\t\t\t\t<\/div>\n\t\t<div class=\"gsp_post_data\" data-post_type=\"page\" data-cat=\"\" data-modified=\"120\" data-title=\"Nuestros Servicios Servicios Fisistria y Rehabilitaci\u00f3n\" data-home=\"http:\/\/misionjosegregoriohernandez.gob.ve\"><\/div>","protected":false},"excerpt":{"rendered":"<p>Medicina F\u00edsica y Rehabilitaci\u00f3n al servicio del pueblo Venezolano. Recuperando tu Autonom\u00eda, Transformando tu Vida \u00a0 Nuestro Pilar: La Inclusi\u00f3n Social En el marco de la Fundaci\u00f3n Misi\u00f3n Jos\u00e9 Gregorio Hern\u00e1ndez, la Fisiatr\u00eda no&#46;&#46;&#46;<\/p>\n","protected":false},"author":1,"featured_media":0,"parent":0,"menu_order":0,"comment_status":"closed","ping_status":"closed","template":"","meta":{"footnotes":""},"_links":{"self":[{"href":"http:\/\/misionjosegregoriohernandez.gob.ve\/index.php?rest_route=\/wp\/v2\/pages\/6598"}],"collection":[{"href":"http:\/\/misionjosegregoriohernandez.gob.ve\/index.php?rest_route=\/wp\/v2\/pages"}],"about":[{"href":"http:\/\/misionjosegregoriohernandez.gob.ve\/index.php?rest_route=\/wp\/v2\/types\/page"}],"author":[{"embeddable":true,"href":"http:\/\/misionjosegregoriohernandez.gob.ve\/index.php?rest_route=\/wp\/v2\/users\/1"}],"replies":[{"embeddable":true,"href":"http:\/\/misionjosegregoriohernandez.gob.ve\/index.php?rest_route=%2Fwp%2Fv2%2Fcomments&post=6598"}],"version-history":[{"count":175,"href":"http:\/\/misionjosegregoriohernandez.gob.ve\/index.php?rest_route=\/wp\/v2\/pages\/6598\/revisions"}],"predecessor-version":[{"id":16339,"href":"http:\/\/misionjosegregoriohernandez.gob.ve\/index.php?rest_route=\/wp\/v2\/pages\/6598\/revisions\/16339"}],"wp:attachment":[{"href":"http:\/\/misionjosegregoriohernandez.gob.ve\/index.php?rest_route=%2Fwp%2Fv2%2Fmedia&parent=6598"}],"curies":[{"name":"wp","href":"https:\/\/api.w.org\/{rel}","templated":true}]}}